0 = -p + b*p - 12. Calculate the greatest common factor of p and 96.
12
Let y = 9 - 21. Suppose 0 = -b + 6*b + 5. Let f = b - y. Calculate the greatest common factor of f and 11.
11
Let t = -270 - -414. What is the greatest common divisor of 36 and t?
36
Let p be (1 - 0) + (-10)/(-2). Calculate the highest common divisor of 9 and p.
3
Suppose 6*s - 2*s + 20 = 0. Let o be 15*(9 + s + 3). Calculate the greatest common divisor of o and 15.
15
Suppose 0 = -12*q - 1299 + 5907. Calculate the greatest common divisor of 12 and q.
12
Let s(z) = -3*z**2 + 3*z. Let v be s(2). Let p be (13 - 1)/((-4)/v). Let q be (p/7)/((-2)/(-14)). What is the greatest common factor of q and 9?
9
Suppose -3*i - 3*f + 6 = 0, -i + 5*f = 3*f + 13. Let o be -2*6/(1*i). Let c = o - 2. What is the highest common factor of 2 and c?
2
Let y(a) = 13*a**2 + 1. Let l be y(2). Let u be (-2)/3 - 2/(-3). Let x be (l - u) + 2 + 1. Calculate the greatest common factor of x and 7.
7
Suppose -3*r - r - 254 = -5*s, 4*r = -4. Calculate the highest common factor of 20 and s.
10
Let h be (1 + 20)*(-3 + 4). Let v(r) = -2*r - 2. Let j be v(-4). Let c be (56/j)/((-4)/(-72)). What is the greatest common divisor of c and h?
21
Suppose 0 = -5*x + 12 - 2. Suppose -r - 1 = -a - x, -2*a - 4*r + 28 = 0. Calculate the highest common divisor of 8 and a.
4
Let p = 88 - 52. Calculate the greatest common divisor of p and 4.
4
Let t be (78/(-2))/(12/(-8)). Let r be ((-20)/8 + -4)*-2. What is the greatest common factor of r and t?
13
Let n(a) = -a + 34. Let w be 4/8 + 1/(-2). Let o be n(w). What is the highest common divisor of o and 17?
17
Suppose 7*b + 5*n - 1037 = 3*b, 2*b - 517 = -3*n. Suppose 5*u - b = 12. Let h be (-156)/(-7) - (-2)/(-7). What is the greatest common factor of u and h?
11
Suppose -l + 0*l + 5 = 0. Suppose 71 = w + 4*f, -w + 3*w = l*f + 155. Suppose -90 = -3*a + w. Calculate the greatest common factor of 5 and a.
5
Suppose -2*c = 3*c. Let j(v) = -v**2 + 30. Let a be j(c). What is the greatest common factor of 10 and a?
10
Let x be (8 - (1 + 1))/1. Let d = -4 + x. Suppose -d*m = -3 + 1. What is the greatest common factor of m and 9?
1
Suppose 21*s = 20*s + 12. Calculate the highest common divisor of 12 and s.
12
Suppose -13 + 41 = 4*m. Calculate the highest common divisor of m and 21.
7
Let q = 1 + 3. What is the greatest common divisor of 28 and q?
4
Let n(z) = 8*z**2 - 2*z - 4. Let h be n(-4). Suppose 4*r + 0*r = h. Suppose d - v = 10 + 3, 59 = 5*d - 2*v. Calculate the greatest common divisor of d and r.
11
Suppose -4*l - 150 = -7*l. Calculate the highest common factor of 20 and l.
10
Suppose -5*w + 37 = -n, -7 = 4*w - n - 37. What is the greatest common divisor of w and 1?
1
Let x = -51 + 107. Suppose -4*t + 0 + 42 = 5*j, 0 = 2*t + 3*j - 22. Calculate the highest common divisor of x and t.
8
Let l be (2/(-4))/(7/238). Let a = 32 + l. Calculate the greatest common factor of 75 and a.
15
Suppose -3*w - 4*f + 1461 = 0, 0 = -w - w - 2*f + 976. Suppose 117 = -2*a + w. Let d = -1 - -18. What is the greatest common factor of a and d?
17
Let r(u) = u - 2. Let i be r(4). Let h = 14 + i. Calculate the greatest common factor of h and 8.
8
Suppose 5*b - 69 = 2*t + 84, 129 = 4*b + 5*t. What is the greatest common divisor of 248 and b?
31
Suppose 3*i + 261 = 6*i. Suppose 2*t - i = 3*t. Let w be t/(-12) + (-1)/4. What is the greatest common factor of w and 7?
7
Let n(g) = 2*g + 16. Let c be n(-6). Calculate the highest common factor of c and 64.
4
Let o be ((-8)/(-10))/(-2 - (-124)/60). Calculate the highest common factor of o and 3.
3
Let x(g) = g**2 + 18. Let y(z) = -z - 3. Let d be y(-3). Let u be x(d). Calculate the greatest common divisor of u and 144.
18
Let z = 12 - 9. Let d be (0 - -1)/(z/6). Suppose 4*j - 348 = 2*x, x = d*j + 2*x - 178. What is the highest common divisor of 8 and j?
8
Suppose -3*w = -5*w - x - 1, -x = 4*w - 3. Let b(o) = -o**2 - 6*o + 9. Let y be b(-7). Calculate the greatest common divisor of y and w.
2
Let w = 69 - 48. Calculate the greatest common factor of w and 21.
21
Suppose z = -2*z - 6567. Let y be (-8)/36 - z/9. What is the highest common divisor of y and 27?
27
Let b = -85 - -97. Calculate the highest common divisor of 36 and b.
12
Let i(d) = d**3 - 6*d**2 - 5*d - 5. Let b be i(7). Calculate the highest common factor of b and 1.
1
Let c be (-6*3 - (-18)/(-12))*-6. Calculate the greatest common factor of 13 and c.
13
Suppose 4 = 4*d - 5*d. Let q(n) = -36*n. Let a be q(d). Suppose 2*i - a = 40. Calculate the highest common factor of i and 23.
23
Let h be -1 + 2 + (-2)/(-1). Suppose h*j = 31 - 4. Suppose -5*d = -18 + 3, z + 2*d = 87. Calculate the highest common divisor of j and z.
9
Suppose b + b = 252. Let c = -40 + 58. What is the greatest common divisor of c and b?
18
Suppose -175 = -14*y + 9*y. What is the highest common factor of y and 35?
35
Let j be (6 - (-30)/4)/((-1)/(-2)). Calculate the greatest common factor of j and 36.
9
Suppose 10*y - 19*y + 306 = 0. Calculate the highest common factor of 306 and y.
34
Let d be 699/21 - 2/7. Suppose -2*p - j = p - 148, -3*p + 164 = 5*j. Suppose 5*k - p = 7. What is the highest common factor of k and d?
11
Let s = -14 + 23. Suppose -2*a + r = -s, 0 = 3*a + 5*r - 4 - 3. What is the highest common factor of 32 and a?
4
Let u = -10 + 12. Let n = -31 + 49. Calculate the highest common factor of u and n.
2
Let g be (-8)/16 + (-265)/(-2). Let i be (-22)/(-2) - (11 - 12). What is the highest common divisor of i and g?
12
Let n be (-3)/7 + (-3960)/70. Let v = 8 - n. Calculate the highest common factor of 13 and v.
13
Let y be 3/(-7) - 352/28. Let m = -11 - y. What is the highest common factor of m and 16?
2
Let h(z) = -z + 4. Let i be h(3). Let p be (i - -26)*(-8)/(-12). Calculate the highest common divisor of 12 and p.
6
Let y(q) = 2*q**2 + 9*q - 11. Let p be y(-8). Let x be (-1)/(-2) - p/(-6). Suppose 0 = -4*n + 3*n + 8. What is the highest common factor of n and x?
8
Let x be (-2)/(-3)*(0 + 15). Suppose 0 = -3*u + 5*r + 42, 3*u = -5*r + 2 + x. Let t be (-6)/u - 124/(-6). Calculate the greatest common factor of 20 and t.
20
Let d(v) = v**3 + v**2 - 2*v - 1. Let m be d(2). Calculate the highest common factor of 1 and m.
1
Let o be 28 - (-2 - 0)*1. What is the highest common divisor of 12 and o?
6
Let w = -13 - -124. What is the greatest common divisor of 37 and w?
37
Let j(u) = -4*u**2 - 6*u. Let z(m) = 8*m**2 + 13*m - 1. Let w(t) = -5*j(t) - 2*z(t). Let n be w(-4). What is the highest common factor of 20 and n?
10
Suppose 0 = 2*l + b - 11, 5*l + 5*b - 47 = -17. Suppose 0 = 2*y - 2*a, -6*y + 3*y = -l*a + 6. Calculate the greatest common factor of y and 33.
3
Suppose 5*v - 39 = 121. Let j = -20 + v. Let z = -13 + 25. What is the highest common factor of z and j?
12
Let x be 2 - 6680/(-44) - 2/(-11). Calculate the highest common divisor of x and 14.
14
Let v = 13 + 3. Calculate the greatest common divisor of 160 and v.
16
Let l(n) = n**3 - 8*n**2 + 9*n - 5. Let u be l(7). Suppose 268 = 7*z - 3*z. Let c = z - -32. Calculate the highest common factor of u and c.
9
Suppose 0 = 4*z - 3*y - 1 - 3, y - 24 = -5*z. Suppose 34 = 3*j + z*g - 7, -5*j - 2*g = -59. Calculate the highest common divisor of 99 and j.
11
Let c = -10 + 4. Let b be (4/c)/(16/(-648)). Calculate the greatest common divisor of b and 3.
3
Let s be -18*(-1)/3*1. Suppose 3*w - s = 2*n - 18, 0 = -2*w. What is the highest common divisor of 2 and n?
2
Let i(q) be the first derivative of -q**3/3 - 2*q**2 - 3*q - 2. Let t be i(-3). Suppose -r = -t - 17. What is the greatest common divisor of 51 and r?
17
Let y(o) be the second derivative of -o**5/20 - o**4/3 - o**3/3 + o**2/2 - o. Let m = -6 + 2. Let k be y(m). Calculate the highest common factor of k and 1.
1
Suppose -4*x + 2*h + 394 = -2*x, -4*x + 791 = -h. Calculate the highest common factor of x and 36.
18
Suppose -17*p + 11*p + 1122 = 0. Calculate the highest common divisor of p and 34.
17
Let x be 3/(-9) - 266/(-6). Suppose -2*z + x = -n - 2*n, -z + 40 = 3*n. What is the greatest common divisor of z and 70?
14
Suppose -2*h + 4 = 0, 7 = c - 4*h + 2. Let p be (-3)/2*2/3. Let t be 2*(-2 - -73) - p. What is the greatest common divisor of c and t?
13
Let q be (-4)/(-12) + 0 - 96/(-9). Calculate the greatest common diviso